{"id":4520,"date":"2021-04-12T16:44:14","date_gmt":"2021-04-12T16:44:14","guid":{"rendered":"https:\/\/modland.uniri.hr\/?page_id=4520"},"modified":"2022-10-24T11:00:09","modified_gmt":"2022-10-24T11:00:09","slug":"list-of-publications-2021","status":"publish","type":"page","link":"https:\/\/modland.uniri.hr\/?page_id=4520&lang=en","title":{"rendered":"List of scientific publications &#8211; 2021"},"content":{"rendered":"\t\t<div data-elementor-type=\"wp-post\" data-elementor-id=\"4520\" class=\"elementor elementor-4520\">\n\t\t\t\t\t\t\t\t\t<section class=\"elementor-section elementor-top-section elementor-element elementor-element-a0937dc elementor-section-boxed elementor-section-height-default elementor-section-height-default\" data-id=\"a0937dc\" data-element_type=\"section\">\n\t\t\t\t\t\t<div class=\"elementor-container elementor-column-gap-default\">\n\t\t\t\t\t<div class=\"elementor-column elementor-col-100 elementor-top-column elementor-element elementor-element-f7b8b9a\" data-id=\"f7b8b9a\" data-element_type=\"column\">\n\t\t\t<div class=\"elementor-widget-wrap elementor-element-populated\">\n\t\t\t\t\t\t\t\t<div class=\"elementor-element elementor-element-57c2866 elementor-widget elementor-widget-heading\" data-id=\"57c2866\" data-element_type=\"widget\" data-widget_type=\"heading.default\">\n\t\t\t\t<div class=\"elementor-widget-container\">\n\t\t\t<h2 class=\"elementor-heading-title elementor-size-default\">Publications in scientific journals<\/h2>\t\t<\/div>\n\t\t\t\t<\/div>\n\t\t\t\t\t<\/div>\n\t\t<\/div>\n\t\t\t\t\t\t\t<\/div>\n\t\t<\/section>\n\t\t\t\t<section class=\"elementor-section elementor-top-section elementor-element elementor-element-3ac4bc9 elementor-section-boxed elementor-section-height-default elementor-section-height-default\" data-id=\"3ac4bc9\" data-element_type=\"section\">\n\t\t\t\t\t\t<div class=\"elementor-container elementor-column-gap-default\">\n\t\t\t\t\t<div class=\"elementor-column elementor-col-100 elementor-top-column elementor-element elementor-element-29ab6db\" data-id=\"29ab6db\" data-element_type=\"column\">\n\t\t\t<div class=\"elementor-widget-wrap elementor-element-populated\">\n\t\t\t\t\t\t\t\t<div class=\"elementor-element elementor-element-c1590b6 elementor-widget elementor-widget-text-editor\" data-id=\"c1590b6\" data-element_type=\"widget\" data-widget_type=\"text-editor.default\">\n\t\t\t\t<div class=\"elementor-widget-container\">\n\t\t\t\t\t\t\t<div><div>Pajali\u0107, S., Perani\u0107, J., Maksimovi\u0107, S., \u010ceh, N., Jagodnik, V., Arbanas, \u017d., 2021. Monitoring and Data Analysis in Small-Scale Landslide Physical Model. Applied Sciences 11, 5040. <a href=\"https:\/\/doi.org\/10.3390\/app11115040\">https:\/\/doi.org\/10.3390\/app11115040<\/a><\/div><p>\u00a0<\/p><div>Perani\u0107, J., Mihali\u0107 Arbanas, S., Arbanas, \u017d., 2021. Importance of the unsaturated zone in landslide reactivation on flysch slopes: observations from Vali\u0107i Landslide, Croatia. Landslides 18, 3737\u20133751. <a href=\"https:\/\/doi.org\/10.1007\/s10346-021-01757-8\">https:\/\/doi.org\/10.1007\/s10346-021-01757-8<\/a><\/div><\/div>\t\t\t\t\t\t<\/div>\n\t\t\t\t<\/div>\n\t\t\t\t\t<\/div>\n\t\t<\/div>\n\t\t\t\t\t\t\t<\/div>\n\t\t<\/section>\n\t\t\t\t<section class=\"elementor-section elementor-top-section elementor-element elementor-element-2922c39 elementor-section-boxed elementor-section-height-default elementor-section-height-default\" data-id=\"2922c39\" data-element_type=\"section\">\n\t\t\t\t\t\t<div class=\"elementor-container elementor-column-gap-default\">\n\t\t\t\t\t<div class=\"elementor-column elementor-col-100 elementor-top-column elementor-element elementor-element-c8a2cca\" data-id=\"c8a2cca\" data-element_type=\"column\">\n\t\t\t<div class=\"elementor-widget-wrap elementor-element-populated\">\n\t\t\t\t\t\t\t\t<div class=\"elementor-element elementor-element-51c6efc elementor-widget-divider--view-line elementor-widget elementor-widget-divider\" data-id=\"51c6efc\" data-element_type=\"widget\" data-widget_type=\"divider.default\">\n\t\t\t\t<div class=\"elementor-widget-container\">\n\t\t\t\t\t<div class=\"elementor-divider\">\n\t\t\t<span class=\"elementor-divider-separator\">\n\t\t\t\t\t\t<\/span>\n\t\t<\/div>\n\t\t\t\t<\/div>\n\t\t\t\t<\/div>\n\t\t\t\t\t<\/div>\n\t\t<\/div>\n\t\t\t\t\t\t\t<\/div>\n\t\t<\/section>\n\t\t\t\t<section class=\"elementor-section elementor-top-section elementor-element elementor-element-6c96a74 elementor-section-boxed elementor-section-height-default elementor-section-height-default\" data-id=\"6c96a74\" data-element_type=\"section\">\n\t\t\t\t\t\t<div class=\"elementor-container elementor-column-gap-default\">\n\t\t\t\t\t<div class=\"elementor-column elementor-col-100 elementor-top-column elementor-element elementor-element-9841eef\" data-id=\"9841eef\" data-element_type=\"column\">\n\t\t\t<div class=\"elementor-widget-wrap elementor-element-populated\">\n\t\t\t\t\t\t\t\t<div class=\"elementor-element elementor-element-5f306b8 elementor-widget elementor-widget-heading\" data-id=\"5f306b8\" data-element_type=\"widget\" data-widget_type=\"heading.default\">\n\t\t\t\t<div class=\"elementor-widget-container\">\n\t\t\t<h2 class=\"elementor-heading-title elementor-size-default\">Chapter in books<\/h2>\t\t<\/div>\n\t\t\t\t<\/div>\n\t\t\t\t\t<\/div>\n\t\t<\/div>\n\t\t\t\t\t\t\t<\/div>\n\t\t<\/section>\n\t\t\t\t<section class=\"elementor-section elementor-top-section elementor-element elementor-element-ecba98e elementor-section-boxed elementor-section-height-default elementor-section-height-default\" data-id=\"ecba98e\" data-element_type=\"section\">\n\t\t\t\t\t\t<div class=\"elementor-container elementor-column-gap-default\">\n\t\t\t\t\t<div class=\"elementor-column elementor-col-100 elementor-top-column elementor-element elementor-element-35243a6\" data-id=\"35243a6\" data-element_type=\"column\">\n\t\t\t<div class=\"elementor-widget-wrap elementor-element-populated\">\n\t\t\t\t\t\t\t\t<div class=\"elementor-element elementor-element-7ca6df2 elementor-widget elementor-widget-text-editor\" data-id=\"7ca6df2\" data-element_type=\"widget\" data-widget_type=\"text-editor.default\">\n\t\t\t\t<div class=\"elementor-widget-container\">\n\t\t\t\t\t\t\t<p>Jagodnik V, Perani\u0107 J, Arbanas \u017d. Mechanism of Landslide Initiation in Small-Scale Sandy Slope Triggered by an Artificial Rain. In: Arbanas \u017d, Bobrowsky PT, Konagai K, Sassa K, Takara K, editors. Understanding and Reducing Landslide Disaster Risk: Volume 6 Specific Topics in Landslide Science and Applications . Cham: Springer International Publishing; 2021. p. 177\u201384. Available from: <a href=\"https:\/\/doi.org\/10.1007\/978-3-030-60713-5_19\">https:\/\/doi.org\/10.1007\/978-3-030-60713-5_19<\/a><\/p><div><div>Arbanas, \u017d., Perani\u0107, J., Krka\u010d, M., Jagodnik, V., Jagodnik, P., Mihali\u0107 Arbanas, S., 2021. Report of the IPL-219, IPL-220 and Croatian WCoE 2017\u20132020: From Landslide Investigation to Landslide Prediction and Stabilization, in: Sassa, K., Miko\u0161, M., Sassa, S., Bobrowsky, P.T., Takara, K., Dang, K. (Eds.), Understanding and Reducing Landslide Disaster Risk, ICL Contribution to Landslide Disaster Risk Reduction. Springer International Publishing, Cham, pp. 281\u2013291. <a href=\"https:\/\/doi.org\/10.1007\/978-3-030-60196-6_21\">https:\/\/doi.org\/10.1007\/978-3-030-60196-6_21<\/a><\/div><\/div>\t\t\t\t\t\t<\/div>\n\t\t\t\t<\/div>\n\t\t\t\t\t<\/div>\n\t\t<\/div>\n\t\t\t\t\t\t\t<\/div>\n\t\t<\/section>\n\t\t\t\t<section class=\"elementor-section elementor-top-section elementor-element elementor-element-d98f625 elementor-section-boxed elementor-section-height-default elementor-section-height-default\" data-id=\"d98f625\" data-element_type=\"section\">\n\t\t\t\t\t\t<div class=\"elementor-container elementor-column-gap-default\">\n\t\t\t\t\t<div class=\"elementor-column elementor-col-100 elementor-top-column elementor-element elementor-element-b61a545\" data-id=\"b61a545\" data-element_type=\"column\">\n\t\t\t<div class=\"elementor-widget-wrap elementor-element-populated\">\n\t\t\t\t\t\t\t\t<div class=\"elementor-element elementor-element-609e044 elementor-widget-divider--view-line elementor-widget elementor-widget-divider\" data-id=\"609e044\" data-element_type=\"widget\" data-widget_type=\"divider.default\">\n\t\t\t\t<div class=\"elementor-widget-container\">\n\t\t\t\t\t<div class=\"elementor-divider\">\n\t\t\t<span class=\"elementor-divider-separator\">\n\t\t\t\t\t\t<\/span>\n\t\t<\/div>\n\t\t\t\t<\/div>\n\t\t\t\t<\/div>\n\t\t\t\t\t<\/div>\n\t\t<\/div>\n\t\t\t\t\t\t\t<\/div>\n\t\t<\/section>\n\t\t\t\t<section class=\"elementor-section elementor-top-section elementor-element elementor-element-894f48f elementor-section-boxed elementor-section-height-default elementor-section-height-default\" data-id=\"894f48f\" data-element_type=\"section\">\n\t\t\t\t\t\t<div class=\"elementor-container elementor-column-gap-default\">\n\t\t\t\t\t<div class=\"elementor-column elementor-col-100 elementor-top-column elementor-element elementor-element-3cd567f\" data-id=\"3cd567f\" data-element_type=\"column\">\n\t\t\t<div class=\"elementor-widget-wrap elementor-element-populated\">\n\t\t\t\t\t\t\t\t<div class=\"elementor-element elementor-element-deb88bf elementor-widget elementor-widget-heading\" data-id=\"deb88bf\" data-element_type=\"widget\" data-widget_type=\"heading.default\">\n\t\t\t\t<div class=\"elementor-widget-container\">\n\t\t\t<h2 class=\"elementor-heading-title elementor-size-default\">Graduate and undergraduate thesis <\/h2>\t\t<\/div>\n\t\t\t\t<\/div>\n\t\t\t\t\t<\/div>\n\t\t<\/div>\n\t\t\t\t\t\t\t<\/div>\n\t\t<\/section>\n\t\t\t\t<section class=\"elementor-section elementor-top-section elementor-element elementor-element-a5079aa elementor-section-boxed elementor-section-height-default elementor-section-height-default\" data-id=\"a5079aa\" data-element_type=\"section\">\n\t\t\t\t\t\t<div class=\"elementor-container elementor-column-gap-default\">\n\t\t\t\t\t<div class=\"elementor-column elementor-col-100 elementor-top-column elementor-element elementor-element-95457fa\" data-id=\"95457fa\" data-element_type=\"column\">\n\t\t\t<div class=\"elementor-widget-wrap elementor-element-populated\">\n\t\t\t\t\t\t\t\t<div class=\"elementor-element elementor-element-ce3fe33 elementor-widget elementor-widget-text-editor\" data-id=\"ce3fe33\" data-element_type=\"widget\" data-widget_type=\"text-editor.default\">\n\t\t\t\t<div class=\"elementor-widget-container\">\n\t\t\t\t\t\t\t<p>\u0160poljari\u0107, M. (2021)\u00a0Determination of the water retention curve and coefficient of permeability of sand. \u00a0Master thesis. University of Rijeka. Faculty of Civil Engineering.<\/p><p>Turkovi\u0107, M. (2021) \u00a0Cyclic Behaviour of Uniform Sand Under Drained and Undrained Conditions at Low Confining Stress. \u00a0Master thesis. University of Rijeka. Faculty of Civil Engineering.<\/p><p>Fabijani\u0107, T. (2021) \u00a0Stability of Slopes in Scaled Landslide Model. \u00a0Master thesis. University of Rijeka. Faculty of Civil Engineering.<\/p>\t\t\t\t\t\t<\/div>\n\t\t\t\t<\/div>\n\t\t\t\t\t<\/div>\n\t\t<\/div>\n\t\t\t\t\t\t\t<\/div>\n\t\t<\/section>\n\t\t\t\t\t\t\t<\/div>\n\t\t","protected":false},"excerpt":{"rendered":"<p>Publications in scientific journals Pajali\u0107, S., Perani\u0107, J., Maksimovi\u0107, S., \u010ceh, N., Jagodnik, V., Arbanas, \u017d., 2021. Monitoring and Data Analysis in Small-Scale Landslide Physical Model. Applied Sciences 11, 5040. https:\/\/doi.org\/10.3390\/app11115040 \u00a0 Perani\u0107, J., Mihali\u0107 Arbanas, S., Arbanas, \u017d., 2021. Importance of the unsaturated zone in landslide reactivation on flysch slopes: observations from Vali\u0107i Landslide,Continue reading &rarr;<\/p>\n","protected":false},"author":2,"featured_media":0,"parent":0,"menu_order":0,"comment_status":"closed","ping_status":"closed","template":"","meta":{"footnotes":""},"_links":{"self":[{"href":"https:\/\/modland.uniri.hr\/index.php?rest_route=\/wp\/v2\/pages\/4520"}],"collection":[{"href":"https:\/\/modland.uniri.hr\/index.php?rest_route=\/wp\/v2\/pages"}],"about":[{"href":"https:\/\/modland.uniri.hr\/index.php?rest_route=\/wp\/v2\/types\/page"}],"author":[{"embeddable":true,"href":"https:\/\/modland.uniri.hr\/index.php?rest_route=\/wp\/v2\/users\/2"}],"replies":[{"embeddable":true,"href":"https:\/\/modland.uniri.hr\/index.php?rest_route=%2Fwp%2Fv2%2Fcomments&post=4520"}],"version-history":[{"count":23,"href":"https:\/\/modland.uniri.hr\/index.php?rest_route=\/wp\/v2\/pages\/4520\/revisions"}],"predecessor-version":[{"id":4950,"href":"https:\/\/modland.uniri.hr\/index.php?rest_route=\/wp\/v2\/pages\/4520\/revisions\/4950"}],"wp:attachment":[{"href":"https:\/\/modland.uniri.hr\/index.php?rest_route=%2Fwp%2Fv2%2Fmedia&parent=4520"}],"curies":[{"name":"wp","href":"https:\/\/api.w.org\/{rel}","templated":true}]}}